-2*v + 5 = -p. What is the units digit of v?
9
Let x be (-4)/6 + 14/21. What is the units digit of x + 3/((-12)/(-88))?
2
Let q(y) = -y**3 + 9*y**2 - 6*y - 10. Let t be q(8). Let b be 1/(-3) + 20/(-12). What is the units digit of 62/t - b/(-6)?
0
Let t(q) = 105*q**2 + 11*q + q**3 + 0*q**3 - 115*q**2 + 7. What is the tens digit of t(9)?
2
Let o = -156 + 230. What is the units digit of o?
4
Let i be (9/(-4))/(1/(-4)). Suppose -2*j + i = j. Suppose j + 7 = u. What is the units digit of u?
0
Let m = -39 + 103. What is the units digit of m?
4
Let o(i) = -i**3 - 8*i**2 - 9*i - 6. What is the units digit of o(-7)?
8
What is the tens digit of (-2065)/(-21) - (-1)/(-3)?
9
Suppose -5*u = -732 + 117. What is the units digit of u?
3
Let k(p) = p - 3. Let x be k(5). Suppose -h + 3*b = 4*b - 7, -4*b = x*h - 12. Let o = 11 - h. What is the units digit of o?
3
Suppose -3*s + 24 = -5*l - 4, -6 = 2*l + 4*s. Let v = 4 + l. What is the units digit of v/(1/(-7*1))?
7
Let n(h) = -h**3 - 6*h - 3. What is the units digit of n(-3)?
2
Let z = -24 + 8. Let n = -10 - z. What is the units digit of n?
6
Suppose 9*d - 2*u = 4*d + 721, -5*u = d - 155. What is the hundreds digit of d?
1
Let n(c) = c**2 - 5*c. Let v(b) = 5*b**2 - 24*b - 1. Suppose -3*r + 4 + 2 = 0. Let y(h) = r*v(h) - 11*n(h). What is the units digit of y(5)?
8
Let q = 11 + 5. What is the units digit of q?
6
Let l be (-18)/4 - (-3)/(-2). Let p = l + 10. Suppose 2*d + 0*d + 4*b - 8 = 0, p*d = -4*b + 16. What is the units digit of d?
4
Suppose 0*g = 8*g - 560. What is the tens digit of g?
7
Suppose -4*i + 0*i = 3*g + 41, 3*i + 61 = -5*g. Let w = 16 + g. What is the units digit of w?
5
Let n(w) = 5*w**2. Suppose 0 = 5*r - 10. Suppose -r*o + 1 = -o. What is the units digit of n(o)?
5
Suppose 3*b = -0*b. Suppose b = 2*c + 2*c - 24. What is the units digit of c?
6
Suppose 5*n - 214 - 6 = 0. What is the units digit of n?
4
Suppose 3*t = t + 4. Suppose 2*p - t*x = 34, -x - x = 2*p - 26. What is the tens digit of p?
1
Let t(k) = 5*k**3 + k**2 - 1. Let j be t(1). Suppose -4*s + 34 = j*l - 6, 0 = -5*l + 20. What is the units digit of s?
5
Let r(z) = -z**3 + 12*z**2 + 1. Let l be r(12). Let n(h) = 8*h**3 + h**2 - h. What is the units digit of n(l)?
8
Suppose 4*h - 14 = 2*h. Suppose 0 = 5*b - 8 - h. Suppose -5*m - 4*t - t + 80 = 0, b*m = -2*t + 45. What is the tens digit of m?
1
Let x(g) = -5*g - 1. Let j be x(2). Let y be 1 - -1 - (j + 5). Let c(q) = -q**2 + 10*q - 6. What is the tens digit of c(y)?
1
Suppose -4*m - 3*c + 131 = 0, 5*m + 6*c = 2*c + 165. What is the units digit of m?
9
Let q = -22 + 27. What is the units digit of q?
5
Let r(u) = 49*u**3 - 3*u + 2. What is the units digit of r(1)?
8
Suppose -2*n - 6 = -3*p - p, -24 = -5*n - 3*p. What is the units digit of n?
3
Let p(w) = w**2 - 7*w - 7. What is the tens digit of p(-4)?
3
Let o(c) = 2*c**2 - 13*c - 12. What is the units digit of o(11)?
7
Let k = 18 - 11. Suppose y = -0 + k. What is the units digit of y?
7
Let a(y) = 5*y**3 - 4*y**3 + 0*y - 8*y**2 - 2 + 10*y. Let l be a(7). Let t = l - 10. What is the units digit of t?
9
Suppose 3*l + 0*l = 15. Let f(j) = -j**3. Let o(r) = 3*r**3 - 5*r**2 - 2*r - 5. Let p(b) = -2*f(b) - o(b). What is the tens digit of p(l)?
1
Suppose 7 = -2*c - 1, 2*w = -3*c + 778. What is the tens digit of w?
9
Suppose -4*t + 34 = -30. Suppose -4*k = -134 + 110. Let x = t - k. What is the units digit of x?
0
Suppose -5*m + v = -220, -3*v - 176 = -4*m - v. What is the units digit of m?
4
Let x be 2/7 - 366/(-42). Suppose 2*l - x + 1 = 0. Suppose -2*c = -0 - 4, 4*d = l*c + 16. What is the units digit of d?
6
Let c(n) = 2*n**3 + 6*n**2 + n - 4. Let l(z) = 3*z**3 + 6*z**2 + z - 5. Let m(j) = 4*c(j) - 3*l(j). What is the units digit of m(5)?
9
Suppose 5*u - 2*j = 821, j + j + 169 = u. What is the tens digit of u?
6
Suppose 0*w = -3*w - 5*r + 52, 2*w - 64 = 4*r. What is the tens digit of w?
2
What is the hundreds digit of (-1974)/(-6) + -1 - 4?
3
Suppose -u + 0 = -2. What is the units digit of u?
2
Suppose 3*j - 21 = -4*f - 0*f, -3*j + f = -21. Let q = 3 + j. What is the units digit of q?
0
Let a = 4 + 22. Suppose -4*c + a = -2. What is the units digit of (-2)/c + 174/21?
8
What is the units digit of (19216/30)/4 - 10/75?
0
Let t(b) = -5*b - 14. Let u(l) = 2*l + 5. Let h(r) = -3*t(r) - 8*u(r). What is the units digit of h(0)?
2
Suppose 4*k + 0 + 8 = 0. Let d(f) = 4*f**2 - f - 1. What is the tens digit of d(k)?
1
Suppose -3*g = -8*g + 460. What is the tens digit of g?
9
Suppose -5 + 7 = 2*f, -75 = -2*j + f. What is the units digit of j?
8
Suppose -2*r = -2*p - 3*r + 200, -310 = -3*p - 4*r. What is the units digit of p?
8
Suppose -3*p + 0*p = 0. Suppose 4*a + 0*a = p. Suppose a = -3*s - s + 20. What is the units digit of s?
5
Let z = -13 - -8. Let r = z - -8. Suppose -3*y + 2*y + 9 = -r*s, -2*s = 0. What is the units digit of y?
9
Let q(h) = 5*h**2 + h - 2. Suppose 2*f - 1 = -3*y, 0 = -2*f - 3*f - y + 9. What is the units digit of q(f)?
0
Suppose -4*t = 1 - 9. Suppose -6 = -4*i + t. What is the units digit of i?
2
What is the units digit of (-692)/(-24) + 1/6?
9
Let x(f) = f - 1. Let s be x(2). What is the units digit of (-4)/(-4)*3*s?
3
Suppose w - 3*w - 5*r = 10, -r - 2 = 0. What is the tens digit of 51 + (-1 - 1) + w?
4
Suppose 169 = 3*o - 119. What is the units digit of o?
6
Let j be (-493)/(-9) + (-2)/(-9). Suppose 4*t + t = j. What is the tens digit of t?
1
Suppose -2*i - 16 = -5*l + 26, 2*i + 5*l = -62. Let y = 11 - i. What is the tens digit of y?
3
Let v = 14 + -6. Suppose -6*i + 2*i + v = 0. What is the units digit of i?
2
Let u = 4 - 4. Suppose 3 = -u*x + x. What is the units digit of x?
3
Suppose -3*q + 53 = 2*t, -5*t - 3*q - 2*q + 145 = 0. What is the units digit of t?
4
Suppose -a + 8 = -3*d, -5*a + 0*a + 5*d = -80. What is the units digit of a?
0
Let i(b) = 2*b - 3. Let x be i(3). Suppose -x*u = -0*u - 12. Let f = 8 - u. What is the units digit of f?
4
Suppose 2*h - 2*j = -6*j - 40, -5*h - 25 = -5*j. Let c = 42 + -49. Let t = c - h. What is the units digit of t?
3
Let p be 10*1/2 - 0. Let i = 0 + p. Suppose -15 = -i*f + 20. What is the units digit of f?
7
Suppose -o = 4*g - 789, 7*g - 2*g = 3*o + 999. What is the hundreds digit of g?
1
Let o = -60 - -120. What is the units digit of o?
0
Let g(b) = 20*b**3 + 2*b**2 - 5*b + 5. What is the hundreds digit of g(2)?
1
Let i = 10 - 14. Let u be (2/i)/((-7)/84). What is the tens digit of (u/4)/(12/128)?
1
Let y(x) = x**2 + 2*x - 8. What is the tens digit of y(-9)?
5
Let v = 46 - -11. What is the units digit of v?
7
Let n = 1 - -1. Suppose w - n*w = -4*j + 24, 0 = -3*w + 12. Let m = j - 6. What is the units digit of m?
1
Suppose 0*u - 615 = -5*u. What is the tens digit of u?
2
Suppose -3*y + 4 = -41. Suppose 0 = -5*b + y, -3*h + 6 = 4*b - 3*b. Suppose x = -d + h, 0*d + 3*d - 21 = 3*x. What is the units digit of d?
4
What is the units digit of (-37)/(-2) + (-8)/16?
8
Suppose 2*m - 25 = 3*d + 22, 0 = m - d - 25. Let f = 7 + m. What is the tens digit of f?
3
Let n = 2 - 5. Let x = n - -6. Suppose x = -0*j + j. What is the units digit of j?
3
Let s = 126 - 70. What is the units digit of s?
6
Suppose 43 = 5*j - q, -3*q - 6 = -j - 3. Suppose -p + 47 = 5*i, -2*p = p + j. What is the tens digit of i?
1
Let g = 43 + 14. Let m = 93 - g. What is the units digit of m?
6
Suppose 2*o - 9 = 103. Let x = o + -32. What is the tens digit of x?
2
Let h(r) = -r**3 + r**2 - r + 21. Suppose -2*b = v - 5, -b + 4*v - 25 = -v. What is the tens digit of h(b)?
2
Suppose -2*i - 30 = 3*i. Let z be i/(-5)*45/6. What is the tens digit of 28/3 + 6/z?
1
Let y(c) = 5*c. What is the tens digit of y(4)?
2
Let m be (-4)/(-22) - 62/(-22). Let j = 2 - 1. What is the units digit of ((-8)/(-3))/(j/m)?
8
Let k(q) = 2*q**2 - 3*q + 1. What is the units digit of k(5)?
6
Suppose -4*a + 6 = -s, 5*s = 7 + 3. Suppose 0*b + a*b = 140. Suppose 4*y - b = -y. What is the tens digit of y?
1
Let c = 7 + -5. Suppose v - c = -1. What is the units digit of v?
1
Let p(z) = -2*z - 5. Let i be p(-4). Suppose v - i = -4. Let n = 2 - v. What is the units digit of n?
3
Suppose -5*n = o - 40, -2*o - 3*o = -5*n - 140. What is the tens digit of (o/(-7))/((-2)/14)?
3
Suppose j = 4*j - 9. Suppose 3*g + j = s, 0*s = s + 5*g - 43. What is the units digit of s